466 - -239?
-1228
In base 14, what is 726 - 56?
6b0
In base 6, what is -54 - 535053?
-535151
In base 4, what is -103023233 - -1?
-103023232
In base 2, what is 10100 + 1101101100?
1110000000
In base 4, what is -13031 + -102?
-13133
In base 12, what is -1346 - -4?
-1342
In base 3, what is -1021012 - 10101?
-1101120
In base 8, what is 353363 + -2?
353361
In base 12, what is 14758 - 4?
14754
In base 13, what is 4 + c7449?
c7450
In base 9, what is 850 + -816?
33
In base 13, what is 5155 - -5c?
51b4
In base 3, what is -2121 - 110012?
-112210
In base 4, what is 2 - 20233021?
-20233013
In base 2, what is 1110001111010 - 1011011111?
1100110011011
In base 2, what is -101100010111 + 110110?
-101011100001
In base 3, what is 10202110 - -1022111?
12001221
In base 2, what is 101010001101 + 11000000?
101101001101
In base 4, what is -2 - -10003303222?
10003303220
In base 2, what is -1100000011 - -1010010?
-1010110001
In base 11, what is a37 + 310?
1247
In base 14, what is -66a6 - -12?
-6694
In base 15, what is 5 - -1031?
1036
In base 4, what is 1010232222 - -11?
1010232233
In base 13, what is -4a772 + 6?
-4a769
In base 2, what is 10110010111000011000 + -10?
10110010111000010110
In base 16, what is -1bb77 + -4?
-1bb7b
In base 7, what is -1321 + 1164?
-124
In base 10, what is -149 - 5031?
-5180
In base 10, what is -2 - 99063?
-99065
In base 9, what is -154 + 215?
51
In base 10, what is -26 + -1573?
-1599
In base 7, what is 1042 + -1301?
-226
In base 12, what is 141 - -105?
246
In base 14, what is -2 - a936?
-a938
In base 6, what is 112 + 22?
134
In base 3, what is 2021000 - 221?
2020002
In base 16, what is a8c - -261?
ced
In base 6, what is 3 - 102510?
-102503
In base 4, what is 1 + 31220?
31221
In base 7, what is -142056 - 4?
-142063
In base 2, what is -1010011101 + -10110110?
-1101010011
In base 16, what is 2903 + 2e?
2931
In base 4, what is 323101 - -11?
323112
In base 11, what is -8a - 37?
-116
In base 11, what is -3 + 86350?
86348
In base 5, what is 304 + -3242?
-2433
In base 9, what is -202574 + -33?
-202617
In base 9, what is 2 + -57035?
-57033
In base 3, what is -10121 - -22100012?
22012121
In base 7, what is -21063 - -644?
-20116
In base 6, what is -1 + -2424240?
-2424241
In base 8, what is -171 + 145?
-24
In base 6, what is -23220032 + -1?
-23220033
In base 4, what is 10010113 - 2330?
10001123
In base 9, what is 0 + 52827?
52827
In base 4, what is -2221001223 + 10?
-2221001213
In base 5, what is -123131033 - 11?
-123131044
In base 10, what is -32 + -3501?
-3533
In base 15, what is -1e155 - 4?
-1e159
In base 16, what is -29c9 - 6?
-29cf
In base 7, what is 1236 + 4121?
5360
In base 7, what is 6343065 + 3?
6343101
In base 10, what is -305061 + -1?
-305062
In base 2, what is -1110101 - 10010001?
-100000110
In base 5, what is -4311230 - 4?
-4311234
In base 15, what is a8 + -28?
80
In base 3, what is -12 - 2000201112102?
-2000201112121
In base 5, what is 11 - 11433?
-11422
In base 15, what is 93e - -12?
951
In base 2, what is 101101100 + 1010110001?
10000011101
In base 4, what is -11322 - -102?
-11220
In base 8, what is -220713 - 4?
-220717
In base 10, what is 59 + 113?
172
In base 13, what is 3 + 20a7a?
20a80
In base 13, what is -2 - 4ca3?
-4ca5
In base 12, what is 187ba + 0?
187ba
In base 12, what is 3 - 12b1?
-12aa
In base 5, what is 1 - 210131?
-210130
In base 11, what is 0 + 5a69?
5a69
In base 14, what is 2769d - 20?
2767d
In base 14, what is -7 - 297c?
-2985
In base 13, what is 5 + -70348?
-70343
In base 9, what is -318445 - -6?
-318438
In base 6, what is 101455002 + -4?
101454554
In base 15, what is -12 - 5b01?
-5b13
In base 8, what is -4 + 205146?
205142
In base 5, what is 3 + 13421132?
13421140
In base 3, what is 1021220 + -2001?
1012212
In base 10, what is -19684 - 28?
-19712
In base 6, what is -11 - 455152?
-455203
In base 11, what is 50 - 0?
50
In base 10, what is -4 + 256541?
256537
In base 8, what is 1 - 12341?
-12340
In base 16, what is d - a7dd?
-a7d0
In base 15, what is -1c8be + -10?
-1c8ce
In base 8, what is 2 - 567571?
-567567
In base 6, what is -343225 - 5?
-343234
In base 3, what is -11 + -2100020?
-2100101
In base 10, what is -83 - 884?
-967
In base 14, what is -6 + -2bbd0?
-2bbd6
In base 7, what is -1102 + 2263?
1161
In base 8, what is -23 - -3021?
2776
In base 11, what is 355 - 56?
2aa
In base 14, what is -965 + -465?
-dca
In base 5, what is -322 - 441021?
-441343
In base 11, what is 136 - 5919?
-5793
In base 9, what is 2 - -170053?
170055
In base 6, what is 225334 - -44?
225422
In base 13, what is 6b4 + -575?
13c
In base 8, what is -136767 - 125?
-137114
In base 14, what is 0 + 18db?
18db
In base 3, what is 11 + 120122000?
120122011
In base 15, what is 7 + -1ab9?
-1ab2
In base 12, what is -137a - 193?
-1551
In base 6, what is 350 + -1402?
-1012
In base 12, what is -210b7 - 26?
-21121
In base 5, what is -441 - 111414?
-112410
In base 2, what is 10101001011111101110 + -10?
10101001011111101100
In base 16, what is -174f2 + -e?
-17500
In base 2, what is 11011100100100 + -100?
11011100100000
In base 9, what is -4272 - -1?
-4271
In base 6, what is -113 - -11115?
11002
In base 10, what is -175 - -645?
470
In base 3, what is -1100111 + -101?
-1100212
In base 14, what is 4800 - -20?
4820
In base 11, what is 4087 - -27?
4103
In base 7, what is 10211020 - -5?
10211025
In base 8, what is -5 + 611076?
611071
In base 13, what is 3 - 1962c?
-19629
In base 15, what is 2 + -ebe2?
-ebe0
In base 8, what is -3243 + -237?
-3502
In base 7, what is 45 - 333564?
-333516
In base 11, what is -381 - 2459?
-282a
In base 15, what is 2c82b - -3?
2c82e
In base 12, what is 19a6 - -19?
1a03
In base 13, what is -2ca + 222?
-a8
In base 6, what is 125335 + 240?
130015
In base 15, what is -b1 + -1a47?
-1b08
In base 9, what is -81 - 54605?
-54686
In base 14, what is 36a7 - -d?
36b6
In base 7, what is -2225 + 133?
-2062
In base 16, what is 49b89 + -3?
49b86
In base 6, what is -31 + 4554?
4523
In base 14, what is -38 - -2c2?
288
In base 13, what is 3 + 80454?
80457
In base 5, what is -124221 - 1?
-124222
In base 11, what is -6a + 10?
-5a
In base 11, what is 3959 - 1?
3958
In base 6, what is -23 + -12024?
-12051
In base 7, what is 46111 - -5?
46116
In base 8, what is -30 + 6235?
6205
In base 13, what is -3 - -6711c?
67119
In base 4, what is 21221002 + -1?
21221001
In base 5, what is 10 + -11102423?
-11102413
In base 3, what is -12111120202 - 2?
-12111120211
In base 10, what is 1 - -143596?
143597
In base 11, what is -32a5 + -116?
-3410
In base 16, what is 89 + -35a?
-2d1
In base 5, what is 10021304 - 4?
10021300
In base 8, what is -5 + 4556?
4551
In base 13, what is -1 + c44?
c43
In base 13, what is -201 + 87?
-147
In base 4, what is 33331032 + 3?
33331101
In base 10, what is -82 - -60023?
59941
In base 5, what is 412341 + 1?
412342
In base 8, what is 1 + 1257?
1260
In base 6, what is -23 + -5005151?
-5005214
In base 14, what is 59 + -7bbb?
-7b62
In base 2, what is -10100111000 + -11000110010?
-101101101010
In base 14, what is -2 - -4d70?
4d6c
In base 3, what is -21010000 + 1220?
-21001010
In base 3, what is -111002 + 10121?
-100111
In base 2, what is 100 - -1010100010111?
1010100011011
In base 12, what is 43405 + 4?
43409
In base 7, what is 11103513 - 1?
11103512
In base 5, what is -412 - -110433?
110021
In base 16, what is 598 + -19?
57f
In base 6, what is 142202 - -12?
142214
In base 9, what is 0 + -666431?
-666431
In base 11, what is 2a + -264a?
-2620
In base 7, what is -6462 + 3554?
-2605
In base 4, what is 1130112323 + -11?
1130112312
In base 2, what is -100100101101111 + -11?
-100100101110010
In base 10, what is 1752 + 78?
1830
In base 12, what is 9235 - 5?
9230
In base 5, what is -1 + -440401?
-440402
In base 10, what is -43 + 3480?
3437
In base 12, what is -2 - 3424?
-3426
In base 15, what is -2b19c + 5?
-2b197
In base 15, what is 10c20 - -be?
10cde
In base 16, what is -f - -4068?
4059
In base 6, what is -430324 + -4?
-430332
In base 15, what is 4a + e2ee?
e349
In base 5, what is -4 - 2111?
-2120
In base 7, what is -65314 - 2?
-65316
In base 9, what is -5 + -134073?
-134078
In base 2, what is 101 + 101000110000111?
101000110001100
In base 5, what is -1033 + 4344?
3311
In base 12, what is -4 - -9367?
9363
In base 12, what is -a + 6596?
6588
In base 15, what is 